{"id":497,"date":"2014-01-29T16:05:09","date_gmt":"2014-01-29T16:05:09","guid":{"rendered":"http:\/\/www.estudiodosrios.com.ar\/?p=497"},"modified":"2024-03-07T01:25:49","modified_gmt":"2024-03-07T01:25:49","slug":"i-encuentro-de-comunicacion-comunitaria-audiovisual","status":"publish","type":"cpt_portfolio","link":"https:\/\/www.estudiodosrios.com.ar\/eng\/portfolio\/i-encuentro-de-comunicacion-comunitaria-audiovisual\/","title":{"rendered":"1st Meeting of Audiovisual Community Communication"},"content":{"rendered":"<div class=\"wp-block-columns is-layout-flex wp-container-core-columns-is-layout-9d6595d7 wp-block-columns-is-layout-flex\">\n<div class=\"wp-block-column is-layout-flow wp-block-column-is-layout-flow\" style=\"flex-basis:66.66%\">\n<h4 class=\"wp-block-heading\">Design and illustration for the First Audiovisual Community Communication Meeting held at the National University of General Sarmiento.<\/h4>\n<\/div>\n\n\n\n<div class=\"wp-block-column is-layout-flow wp-block-column-is-layout-flow\" style=\"flex-basis:33.33%\"><\/div>\n<\/div>\n\n\n\n<div style=\"height:30px\" aria-hidden=\"true\" class=\"wp-block-spacer\"><\/div>\n\n\n\n<figure class=\"wp-block-image size-full\"><img fetchpriority=\"high\" decoding=\"async\" width=\"2400\" height=\"1602\" src=\"https:\/\/www.estudiodosrios.com.ar\/wp-content\/uploads\/2023\/11\/2023-afiche.jpg\" alt=\"\" class=\"wp-image-24318\" srcset=\"https:\/\/www.estudiodosrios.com.ar\/wp-content\/uploads\/2023\/11\/2023-afiche.jpg 2400w, https:\/\/www.estudiodosrios.com.ar\/wp-content\/uploads\/2023\/11\/2023-afiche-300x200.jpg 300w, https:\/\/www.estudiodosrios.com.ar\/wp-content\/uploads\/2023\/11\/2023-afiche-1024x684.jpg 1024w, https:\/\/www.estudiodosrios.com.ar\/wp-content\/uploads\/2023\/11\/2023-afiche-768x513.jpg 768w, https:\/\/www.estudiodosrios.com.ar\/wp-content\/uploads\/2023\/11\/2023-afiche-1536x1025.jpg 1536w, https:\/\/www.estudiodosrios.com.ar\/wp-content\/uploads\/2023\/11\/2023-afiche-2048x1367.jpg 2048w, https:\/\/www.estudiodosrios.com.ar\/wp-content\/uploads\/2023\/11\/2023-afiche-370x247.jpg 370w, https:\/\/www.estudiodosrios.com.ar\/wp-content\/uploads\/2023\/11\/2023-afiche-840x561.jpg 840w, https:\/\/www.estudiodosrios.com.ar\/wp-content\/uploads\/2023\/11\/2023-afiche-410x274.jpg 410w\" sizes=\"(max-width: 2400px) 100vw, 2400px\" \/><\/figure>\n\n\n\n<p class=\"has-medium-font-size\">The proposal of this Meeting aimed to exchange experiences and reflections on the potential of using audiovisuals in neighborhood transformation processes.<br>Carried out within the framework of the interdisciplinary organization Communication plus Human Development.<\/p>","protected":false},"excerpt":{"rendered":"<p>Dise\u00f1o e ilustraci\u00f3n para difusi\u00f3n del Primer Encuentro de Comunicaci\u00f3n Comunitaria Audiovisual realizado en la Universidad Nacional de General Sarmiento. La propuesta de este Encuentro apunt\u00f3 a intercambiar experiencias&nbsp;y reflexiones&hellip;<\/p>","protected":false},"author":1,"featured_media":23871,"comment_status":"closed","ping_status":"open","template":"","cpt_portfolio_group":[311,301,302,313],"class_list":["post-497","cpt_portfolio","type-cpt_portfolio","status-publish","has-post-thumbnail","hentry","cpt_portfolio_group-academico","cpt_portfolio_group-afiche","cpt_portfolio_group-campanas-de-difusion","cpt_portfolio_group-desarrollo-humano"],"_links":{"self":[{"href":"https:\/\/www.estudiodosrios.com.ar\/eng\/wp-json\/wp\/v2\/cpt_portfolio\/497","targetHints":{"allow":["GET"]}}],"collection":[{"href":"https:\/\/www.estudiodosrios.com.ar\/eng\/wp-json\/wp\/v2\/cpt_portfolio"}],"about":[{"href":"https:\/\/www.estudiodosrios.com.ar\/eng\/wp-json\/wp\/v2\/types\/cpt_portfolio"}],"author":[{"embeddable":true,"href":"https:\/\/www.estudiodosrios.com.ar\/eng\/wp-json\/wp\/v2\/users\/1"}],"replies":[{"embeddable":true,"href":"https:\/\/www.estudiodosrios.com.ar\/eng\/wp-json\/wp\/v2\/comments?post=497"}],"wp:featuredmedia":[{"embeddable":true,"href":"https:\/\/www.estudiodosrios.com.ar\/eng\/wp-json\/wp\/v2\/media\/23871"}],"wp:attachment":[{"href":"https:\/\/www.estudiodosrios.com.ar\/eng\/wp-json\/wp\/v2\/media?parent=497"}],"wp:term":[{"taxonomy":"cpt_portfolio_group","embeddable":true,"href":"https:\/\/www.estudiodosrios.com.ar\/eng\/wp-json\/wp\/v2\/cpt_portfolio_group?post=497"}],"curies":[{"name":"wp","href":"https:\/\/api.w.org\/{rel}","templated":true}]}}

<p>Diseño e ilustración para difusión del Primer Encuentro de Comunicación Comunitaria Audiovisual realizado en la Universidad Nacional de General Sarmiento. La propuesta de este Encuentro apuntó a intercambiar experiencias&nbsp;y reflexiones&hellip;</p>
