{"id":1503,"date":"2021-03-19T18:34:42","date_gmt":"2021-03-19T18:34:42","guid":{"rendered":"https:\/\/www.estudiodosrios.com.ar\/?p=1503"},"modified":"2024-03-07T00:44:55","modified_gmt":"2024-03-07T00:44:55","slug":"a-bordamos-ciclo-visuales-de-radio-en-el-bar-de-fm-la-tribu","status":"publish","type":"cpt_portfolio","link":"https:\/\/www.estudiodosrios.com.ar\/eng\/portfolio\/a-bordamos-ciclo-visuales-de-radio-en-el-bar-de-fm-la-tribu\/","title":{"rendered":"(A) Bordamos"},"content":{"rendered":"<div class=\"wp-block-columns is-layout-flex wp-container-core-columns-is-layout-9d6595d7 wp-block-columns-is-layout-flex\">\n<div class=\"wp-block-column is-layout-flow wp-block-column-is-layout-flow\" style=\"flex-basis:66.66%\">\n<h4 class=\"wp-block-heading\">Identity for the exhibition (A) We embroider, weaving resistances from collective spaces, catalog design.<\/h4>\n<\/div>\n\n\n\n<div class=\"wp-block-column is-layout-flow wp-block-column-is-layout-flow\" style=\"flex-basis:33.33%\"><\/div>\n<\/div>\n\n\n\n<div style=\"height:30px\" aria-hidden=\"true\" class=\"wp-block-spacer\"><\/div>\n\n\n\n<p><img fetchpriority=\"high\" decoding=\"async\" width=\"2550\" height=\"1584\" class=\"alignnone size-full wp-image-1504\" src=\"https:\/\/www.estudiodosrios.com.ar\/wp-content\/uploads\/2021\/03\/web01-1.jpg\" alt=\"\" srcset=\"https:\/\/www.estudiodosrios.com.ar\/wp-content\/uploads\/2021\/03\/web01-1.jpg 2550w, https:\/\/www.estudiodosrios.com.ar\/wp-content\/uploads\/2021\/03\/web01-1-300x186.jpg 300w, https:\/\/www.estudiodosrios.com.ar\/wp-content\/uploads\/2021\/03\/web01-1-1024x636.jpg 1024w, https:\/\/www.estudiodosrios.com.ar\/wp-content\/uploads\/2021\/03\/web01-1-768x477.jpg 768w, https:\/\/www.estudiodosrios.com.ar\/wp-content\/uploads\/2021\/03\/web01-1-1536x954.jpg 1536w, https:\/\/www.estudiodosrios.com.ar\/wp-content\/uploads\/2021\/03\/web01-1-2048x1272.jpg 2048w, https:\/\/www.estudiodosrios.com.ar\/wp-content\/uploads\/2021\/03\/web01-1-370x230.jpg 370w, https:\/\/www.estudiodosrios.com.ar\/wp-content\/uploads\/2021\/03\/web01-1-840x522.jpg 840w, https:\/\/www.estudiodosrios.com.ar\/wp-content\/uploads\/2021\/03\/web01-1-410x255.jpg 410w, https:\/\/www.estudiodosrios.com.ar\/wp-content\/uploads\/2021\/03\/web01-1-600x373.jpg 600w\" sizes=\"(max-width: 2550px) 100vw, 2550px\" \/><\/p>\n\n\n\n<p><img decoding=\"async\" width=\"2550\" height=\"834\" class=\"alignnone wp-image-1505 size-full\" src=\"https:\/\/www.estudiodosrios.com.ar\/wp-content\/uploads\/2021\/03\/web02-1.jpg\" alt=\"\" srcset=\"https:\/\/www.estudiodosrios.com.ar\/wp-content\/uploads\/2021\/03\/web02-1.jpg 2550w, https:\/\/www.estudiodosrios.com.ar\/wp-content\/uploads\/2021\/03\/web02-1-300x98.jpg 300w, https:\/\/www.estudiodosrios.com.ar\/wp-content\/uploads\/2021\/03\/web02-1-1024x335.jpg 1024w, https:\/\/www.estudiodosrios.com.ar\/wp-content\/uploads\/2021\/03\/web02-1-768x251.jpg 768w, https:\/\/www.estudiodosrios.com.ar\/wp-content\/uploads\/2021\/03\/web02-1-1536x502.jpg 1536w, https:\/\/www.estudiodosrios.com.ar\/wp-content\/uploads\/2021\/03\/web02-1-2048x670.jpg 2048w, https:\/\/www.estudiodosrios.com.ar\/wp-content\/uploads\/2021\/03\/web02-1-370x121.jpg 370w, https:\/\/www.estudiodosrios.com.ar\/wp-content\/uploads\/2021\/03\/web02-1-840x275.jpg 840w, https:\/\/www.estudiodosrios.com.ar\/wp-content\/uploads\/2021\/03\/web02-1-410x134.jpg 410w, https:\/\/www.estudiodosrios.com.ar\/wp-content\/uploads\/2021\/03\/web02-1-600x196.jpg 600w\" sizes=\"(max-width: 2550px) 100vw, 2550px\" \/> <\/p>\n\n\n\n<p class=\"has-medium-font-size\">DosR\u00edos was part of a series of exhibitions called Ciclo Visuales de radio at the FM bar La Tribu with the coordination and curatorship of Natalia Revale, Javier del Olmo and Ayel\u00e9n Rodr\u00edguez.<\/p>\n\n\n\n<p><img decoding=\"async\" width=\"2550\" height=\"1584\" class=\"alignnone wp-image-1506 size-full\" src=\"https:\/\/www.estudiodosrios.com.ar\/wp-content\/uploads\/2021\/03\/web03-1.jpg\" alt=\"\" srcset=\"https:\/\/www.estudiodosrios.com.ar\/wp-content\/uploads\/2021\/03\/web03-1.jpg 2550w, https:\/\/www.estudiodosrios.com.ar\/wp-content\/uploads\/2021\/03\/web03-1-300x186.jpg 300w, https:\/\/www.estudiodosrios.com.ar\/wp-content\/uploads\/2021\/03\/web03-1-1024x636.jpg 1024w, https:\/\/www.estudiodosrios.com.ar\/wp-content\/uploads\/2021\/03\/web03-1-768x477.jpg 768w, https:\/\/www.estudiodosrios.com.ar\/wp-content\/uploads\/2021\/03\/web03-1-1536x954.jpg 1536w, https:\/\/www.estudiodosrios.com.ar\/wp-content\/uploads\/2021\/03\/web03-1-2048x1272.jpg 2048w, https:\/\/www.estudiodosrios.com.ar\/wp-content\/uploads\/2021\/03\/web03-1-370x230.jpg 370w, https:\/\/www.estudiodosrios.com.ar\/wp-content\/uploads\/2021\/03\/web03-1-840x522.jpg 840w, https:\/\/www.estudiodosrios.com.ar\/wp-content\/uploads\/2021\/03\/web03-1-410x255.jpg 410w, https:\/\/www.estudiodosrios.com.ar\/wp-content\/uploads\/2021\/03\/web03-1-600x373.jpg 600w\" sizes=\"(max-width: 2550px) 100vw, 2550px\" \/> <\/p>\n\n\n\n<p><img loading=\"lazy\" decoding=\"async\" width=\"2550\" height=\"914\" class=\"alignnone wp-image-1507 size-full\" src=\"https:\/\/www.estudiodosrios.com.ar\/wp-content\/uploads\/2021\/03\/web04-1.jpg\" alt=\"\" srcset=\"https:\/\/www.estudiodosrios.com.ar\/wp-content\/uploads\/2021\/03\/web04-1.jpg 2550w, https:\/\/www.estudiodosrios.com.ar\/wp-content\/uploads\/2021\/03\/web04-1-300x108.jpg 300w, https:\/\/www.estudiodosrios.com.ar\/wp-content\/uploads\/2021\/03\/web04-1-1024x367.jpg 1024w, https:\/\/www.estudiodosrios.com.ar\/wp-content\/uploads\/2021\/03\/web04-1-768x275.jpg 768w, https:\/\/www.estudiodosrios.com.ar\/wp-content\/uploads\/2021\/03\/web04-1-1536x551.jpg 1536w, https:\/\/www.estudiodosrios.com.ar\/wp-content\/uploads\/2021\/03\/web04-1-2048x734.jpg 2048w, https:\/\/www.estudiodosrios.com.ar\/wp-content\/uploads\/2021\/03\/web04-1-370x133.jpg 370w, https:\/\/www.estudiodosrios.com.ar\/wp-content\/uploads\/2021\/03\/web04-1-840x301.jpg 840w, https:\/\/www.estudiodosrios.com.ar\/wp-content\/uploads\/2021\/03\/web04-1-410x147.jpg 410w, https:\/\/www.estudiodosrios.com.ar\/wp-content\/uploads\/2021\/03\/web04-1-600x215.jpg 600w\" sizes=\"(max-width: 2550px) 100vw, 2550px\" \/><br><\/p>\n\n\n\n<blockquote class=\"wp-block-quote is-layout-flow wp-block-quote-is-layout-flow\">\n<p>\u201cWhat do we embroider when we embroider? What topics do we address? Shall we talk while we do it? Shall we remain silent? who taught us to embroider? at what age? where? so that? \u2026 Some of these questions circulate among those who decided to get together and use embroidery as an excuse to address issues that obviously need time to process, if you want to be careful\u2026\u201d<\/p>\n<cite>Fragment of Florencia Pastorella and Natalia Revale<\/cite><\/blockquote>\n\n\n\n<p><strong>Presents:<\/strong> Bordando Disidencias, Cooperativa gr\u00e1fica La voz de la mujer y Dora Morgen Arte colectivo.<br><strong>Photos: <\/strong>Javier Gramuglia<\/p>","protected":false},"excerpt":{"rendered":"<p>Identidad para la muestra (A) Bordamos, hilvanando resistencias desde espacios colectivos, dise\u00f1o de cat\u00e1logo. DosR\u00edos form\u00f3 parte de una serie de muestras llamada Ciclo Visuales de radio en el bar&hellip;<\/p>","protected":false},"author":1,"featured_media":1508,"comment_status":"closed","ping_status":"open","template":"","cpt_portfolio_group":[309,302,308,319],"class_list":["post-1503","cpt_portfolio","type-cpt_portfolio","status-publish","has-post-thumbnail","hentry","cpt_portfolio_group-arte-y-cultura","cpt_portfolio_group-campanas-de-difusion","cpt_portfolio_group-muestras","cpt_portfolio_group-redes-sociales"],"_links":{"self":[{"href":"https:\/\/www.estudiodosrios.com.ar\/eng\/wp-json\/wp\/v2\/cpt_portfolio\/1503","targetHints":{"allow":["GET"]}}],"collection":[{"href":"https:\/\/www.estudiodosrios.com.ar\/eng\/wp-json\/wp\/v2\/cpt_portfolio"}],"about":[{"href":"https:\/\/www.estudiodosrios.com.ar\/eng\/wp-json\/wp\/v2\/types\/cpt_portfolio"}],"author":[{"embeddable":true,"href":"https:\/\/www.estudiodosrios.com.ar\/eng\/wp-json\/wp\/v2\/users\/1"}],"replies":[{"embeddable":true,"href":"https:\/\/www.estudiodosrios.com.ar\/eng\/wp-json\/wp\/v2\/comments?post=1503"}],"wp:featuredmedia":[{"embeddable":true,"href":"https:\/\/www.estudiodosrios.com.ar\/eng\/wp-json\/wp\/v2\/media\/1508"}],"wp:attachment":[{"href":"https:\/\/www.estudiodosrios.com.ar\/eng\/wp-json\/wp\/v2\/media?parent=1503"}],"wp:term":[{"taxonomy":"cpt_portfolio_group","embeddable":true,"href":"https:\/\/www.estudiodosrios.com.ar\/eng\/wp-json\/wp\/v2\/cpt_portfolio_group?post=1503"}],"curies":[{"name":"wp","href":"https:\/\/api.w.org\/{rel}","templated":true}]}}

<div class="wp-block-columns is-layout-flex wp-container-core-columns-is-layout-9d6595d7 wp-block-columns-is-layout-flex">
<div class="wp-block-column is-layout-flow wp-block-column-is-layout-flow" style="flex-basis:66.66%">
<h4 class="wp-block-heading">Identity for the exhibition (A) We embroider, weaving resistances from collective spaces, catalog design.</h4>
</div>



<div class="wp-block-column is-layout-flow wp-block-column-is-layout-flow" style="flex-basis:33.33%"></div>
</div>



<div style="height:30px" aria-hidden="true" class="wp-block-spacer"></div>



<p><img fetchpriority="high" decoding="async" width="2550" height="1584" class="alignnone size-full wp-image-1504" src="https://www.estudiodosrios.com.ar/wp-content/uploads/2021/03/web01-1.jpg" alt="" srcset="https://www.estudiodosrios.com.ar/wp-content/uploads/2021/03/web01-1.jpg 2550w, https://www.estudiodosrios.com.ar/wp-content/uploads/2021/03/web01-1-300x186.jpg 300w, https://www.estudiodosrios.com.ar/wp-content/uploads/2021/03/web01-1-1024x636.jpg 1024w, https://www.estudiodosrios.com.ar/wp-content/uploads/2021/03/web01-1-768x477.jpg 768w, https://www.estudiodosrios.com.ar/wp-content/uploads/2021/03/web01-1-1536x954.jpg 1536w, https://www.estudiodosrios.com.ar/wp-content/uploads/2021/03/web01-1-2048x1272.jpg 2048w, https://www.estudiodosrios.com.ar/wp-content/uploads/2021/03/web01-1-370x230.jpg 370w, https://www.estudiodosrios.com.ar/wp-content/uploads/2021/03/web01-1-840x522.jpg 840w, https://www.estudiodosrios.com.ar/wp-content/uploads/2021/03/web01-1-410x255.jpg 410w, https://www.estudiodosrios.com.ar/wp-content/uploads/2021/03/web01-1-600x373.jpg 600w" sizes="(max-width: 2550px) 100vw, 2550px" /></p>



<p><img decoding="async" width="2550" height="834" class="alignnone wp-image-1505 size-full" src="https://www.estudiodosrios.com.ar/wp-content/uploads/2021/03/web02-1.jpg" alt="" srcset="https://www.estudiodosrios.com.ar/wp-content/uploads/2021/03/web02-1.jpg 2550w, https://www.estudiodosrios.com.ar/wp-content/uploads/2021/03/web02-1-300x98.jpg 300w, https://www.estudiodosrios.com.ar/wp-content/uploads/2021/03/web02-1-1024x335.jpg 1024w, https://www.estudiodosrios.com.ar/wp-content/uploads/2021/03/web02-1-768x251.jpg 768w, https://www.estudiodosrios.com.ar/wp-content/uploads/2021/03/web02-1-1536x502.jpg 1536w, https://www.estudiodosrios.com.ar/wp-content/uploads/2021/03/web02-1-2048x670.jpg 2048w, https://www.estudiodosrios.com.ar/wp-content/uploads/2021/03/web02-1-370x121.jpg 370w, https://www.estudiodosrios.com.ar/wp-content/uploads/2021/03/web02-1-840x275.jpg 840w, https://www.estudiodosrios.com.ar/wp-content/uploads/2021/03/web02-1-410x134.jpg 410w, https://www.estudiodosrios.com.ar/wp-content/uploads/2021/03/web02-1-600x196.jpg 600w" sizes="(max-width: 2550px) 100vw, 2550px" /> </p>



<p class="has-medium-font-size">DosRíos was part of a series of exhibitions called Ciclo Visuales de radio at the FM bar La Tribu with the coordination and curatorship of Natalia Revale, Javier del Olmo and Ayelén Rodríguez.</p>



<p><img decoding="async" width="2550" height="1584" class="alignnone wp-image-1506 size-full" src="https://www.estudiodosrios.com.ar/wp-content/uploads/2021/03/web03-1.jpg" alt="" srcset="https://www.estudiodosrios.com.ar/wp-content/uploads/2021/03/web03-1.jpg 2550w, https://www.estudiodosrios.com.ar/wp-content/uploads/2021/03/web03-1-300x186.jpg 300w, https://www.estudiodosrios.com.ar/wp-content/uploads/2021/03/web03-1-1024x636.jpg 1024w, https://www.estudiodosrios.com.ar/wp-content/uploads/2021/03/web03-1-768x477.jpg 768w, https://www.estudiodosrios.com.ar/wp-content/uploads/2021/03/web03-1-1536x954.jpg 1536w, https://www.estudiodosrios.com.ar/wp-content/uploads/2021/03/web03-1-2048x1272.jpg 2048w, https://www.estudiodosrios.com.ar/wp-content/uploads/2021/03/web03-1-370x230.jpg 370w, https://www.estudiodosrios.com.ar/wp-content/uploads/2021/03/web03-1-840x522.jpg 840w, https://www.estudiodosrios.com.ar/wp-content/uploads/2021/03/web03-1-410x255.jpg 410w, https://www.estudiodosrios.com.ar/wp-content/uploads/2021/03/web03-1-600x373.jpg 600w" sizes="(max-width: 2550px) 100vw, 2550px" /> </p>



<p><img loading="lazy" decoding="async" width="2550" height="914" class="alignnone wp-image-1507 size-full" src="https://www.estudiodosrios.com.ar/wp-content/uploads/2021/03/web04-1.jpg" alt="" srcset="https://www.estudiodosrios.com.ar/wp-content/uploads/2021/03/web04-1.jpg 2550w, https://www.estudiodosrios.com.ar/wp-content/uploads/2021/03/web04-1-300x108.jpg 300w, https://www.estudiodosrios.com.ar/wp-content/uploads/2021/03/web04-1-1024x367.jpg 1024w, https://www.estudiodosrios.com.ar/wp-content/uploads/2021/03/web04-1-768x275.jpg 768w, https://www.estudiodosrios.com.ar/wp-content/uploads/2021/03/web04-1-1536x551.jpg 1536w, https://www.estudiodosrios.com.ar/wp-content/uploads/2021/03/web04-1-2048x734.jpg 2048w, https://www.estudiodosrios.com.ar/wp-content/uploads/2021/03/web04-1-370x133.jpg 370w, https://www.estudiodosrios.com.ar/wp-content/uploads/2021/03/web04-1-840x301.jpg 840w, https://www.estudiodosrios.com.ar/wp-content/uploads/2021/03/web04-1-410x147.jpg 410w, https://www.estudiodosrios.com.ar/wp-content/uploads/2021/03/web04-1-600x215.jpg 600w" sizes="(max-width: 2550px) 100vw, 2550px" /><br></p>



<blockquote class="wp-block-quote is-layout-flow wp-block-quote-is-layout-flow">
<p>“What do we embroider when we embroider? What topics do we address? Shall we talk while we do it? Shall we remain silent? who taught us to embroider? at what age? where? so that? … Some of these questions circulate among those who decided to get together and use embroidery as an excuse to address issues that obviously need time to process, if you want to be careful…”</p>
<cite>Fragment of Florencia Pastorella and Natalia Revale</cite></blockquote>



<p><strong>Presents:</strong> Bordando Disidencias, Cooperativa gráfica La voz de la mujer y Dora Morgen Arte colectivo.<br><strong>Photos: </strong>Javier Gramuglia</p>

<p>Identidad para la muestra (A) Bordamos, hilvanando resistencias desde espacios colectivos, diseño de catálogo. DosRíos formó parte de una serie de muestras llamada Ciclo Visuales de radio en el bar&hellip;</p>
